110.249.201.146 - - [30/Aug/2026:07:06:40 +0100] "GET /modules/czproductsearch/views/css/czsearch.css HTTP/1.1" 200 5462 "https://prestashop.sharedstore.ma/6-accessories?q=Availability-In+stock%2FComposition-Recycled+cardboard%2FBrand-Graphic+Corner-Studio+Design" "Mozilla/5.0 (Linux; Android 5.0) AppleWebKit/537.36 (KHTML, like Gecko) Mobile Safari/537.36 (compatible; Bytespider; https://zhanzhang.toutiao.com/)"
110.249.201.42 - - [30/Aug/2026:07:06:40 +0100] "GET /js/jquery/ui/themes/base/minified/jquery-ui.min.css HTTP/1.1" 200 25722 "https://prestashop.sharedstore.ma/6-accessories?q=Availability-In+stock%2FComposition-Recycled+cardboard%2FBrand-Graphic+Corner-Studio+Design" "Mozilla/5.0 (Linux; Android 5.0) AppleWebKit/537.36 (KHTML, like Gecko) Mobile Safari/537.36 (compatible; Bytespider; https://zhanzhang.toutiao.com/)"
110.249.201.10 - - [30/Aug/2026:07:06:40 +0100] "GET /modules/cz_themeoptions/views/css/frontdesign.css HTTP/1.1" 200 937 "https://prestashop.sharedstore.ma/6-accessories?q=Availability-In+stock%2FComposition-Recycled+cardboard%2FBrand-Graphic+Corner-Studio+Design" "Mozilla/5.0 (Linux; Android 5.0) AppleWebKit/537.36 (KHTML, like Gecko) Mobile Safari/537.36 (compatible; Bytespider; https://zhanzhang.toutiao.com/)"
110.249.201.146 - - [30/Aug/2026:07:06:40 +0100] "GET /modules/cz_imageslider/views/css/flexslider.css HTTP/1.1" 200 14268 "https://prestashop.sharedstore.ma/6-accessories?q=Availability-In+stock%2FComposition-Recycled+cardboard%2FBrand-Graphic+Corner-Studio+Design" "Mozilla/5.0 (Linux; Android 5.0) AppleWebKit/537.36 (KHTML, like Gecko) Mobile Safari/537.36 (compatible; Bytespider; https://zhanzhang.toutiao.com/)"
110.249.201.176 - - [30/Aug/2026:07:06:40 +0100] "GET /js/jquery/ui/themes/base/minified/jquery.ui.theme.min.css HTTP/1.1" 200 13654 "https://prestashop.sharedstore.ma/6-accessories?q=Availability-In+stock%2FComposition-Recycled+cardboard%2FBrand-Graphic+Corner-Studio+Design" "Mozilla/5.0 (Linux; Android 5.0) AppleWebKit/537.36 (KHTML, like Gecko) Mobile Safari/537.36 (compatible; Bytespider; https://zhanzhang.toutiao.com/)"
110.249.201.10 - - [30/Aug/2026:07:06:40 +0100] "GET /modules/cz_verticalmenu/views/css/cz_verticalmenu.css HTTP/1.1" 200 7335 "https://prestashop.sharedstore.ma/6-accessories?q=Availability-In+stock%2FComposition-Recycled+cardboard%2FBrand-Graphic+Corner-Studio+Design" "Mozilla/5.0 (Linux; Android 5.0) AppleWebKit/537.36 (KHTML, like Gecko) Mobile Safari/537.36 (compatible; Bytespider; https://zhanzhang.toutiao.com/)"
110.249.201.117 - - [30/Aug/2026:07:06:40 +0100] "GET /modules/czproductsearch/views/css/jquery.autocomplete_productsearch.css HTTP/1.1" 200 822 "https://prestashop.sharedstore.ma/6-accessories?q=Availability-In+stock%2FComposition-Recycled+cardboard%2FBrand-Graphic+Corner-Studio+Design" "Mozilla/5.0 (Linux; Android 5.0) AppleWebKit/537.36 (KHTML, like Gecko) Mobile Safari/537.36 (compatible; Bytespider; https://zhanzhang.toutiao.com/)"
110.249.201.176 - - [30/Aug/2026:07:06:40 +0100] "GET /themes/Electshop/assets/css/custom.css HTTP/1.1" 200 65714 "https://prestashop.sharedstore.ma/6-accessories?q=Availability-In+stock%2FComposition-Recycled+cardboard%2FBrand-Graphic+Corner-Studio+Design" "Mozilla/5.0 (Linux; Android 5.0) AppleWebKit/537.36 (KHTML, like Gecko) Mobile Safari/537.36 (compatible; Bytespider; https://zhanzhang.toutiao.com/)"
110.249.201.135 - - [30/Aug/2026:07:06:40 +0100] "GET /modules/cz_categoryslider/views/css/cz_categoryslider.css HTTP/1.1" 200 1425 "https://prestashop.sharedstore.ma/6-accessories?q=Availability-In+stock%2FComposition-Recycled+cardboard%2FBrand-Graphic+Corner-Studio+Design" "Mozilla/5.0 (Linux; Android 5.0) AppleWebKit/537.36 (KHTML, like Gecko) Mobile Safari/537.36 (compatible; Bytespider; https://zhanzhang.toutiao.com/)"
110.249.201.117 - - [30/Aug/2026:07:06:41 +0100] "GET /img/cms/app-icon-1.png HTTP/1.1" 206 500 "https://prestashop.sharedstore.ma/6-accessories?q=Availability-In+stock%2FComposition-Recycled+cardboard%2FBrand-Graphic+Corner-Studio+Design" "Mozilla/5.0 (Linux; Android 5.0) AppleWebKit/537.36 (KHTML, like Gecko) Mobile Safari/537.36 (compatible; Bytespider; https://zhanzhang.toutiao.com/)"
110.249.201.42 - - [30/Aug/2026:07:06:41 +0100] "GET /modules/cz_leftbanner/views/img/left-banner-1.jpg HTTP/1.1" 206 500 "https://prestashop.sharedstore.ma/6-accessories?q=Availability-In+stock%2FComposition-Recycled+cardboard%2FBrand-Graphic+Corner-Studio+Design" "Mozilla/5.0 (Linux; Android 5.0) AppleWebKit/537.36 (KHTML, like Gecko) Mobile Safari/537.36 (compatible; Bytespider; https://zhanzhang.toutiao.com/)"
110.249.201.176 - - [30/Aug/2026:07:06:41 +0100] "GET /img/cms/app-icon-2.png HTTP/1.1" 206 500 "https://prestashop.sharedstore.ma/6-accessories?q=Availability-In+stock%2FComposition-Recycled+cardboard%2FBrand-Graphic+Corner-Studio+Design" "Mozilla/5.0 (Linux; Android 5.0) AppleWebKit/537.36 (KHTML, like Gecko) Mobile Safari/537.36 (compatible; Bytespider; https://zhanzhang.toutiao.com/)"
110.249.201.10 - - [30/Aug/2026:07:06:41 +0100] "GET /js/jquery/ui/jquery-ui.min.js HTTP/1.1" 200 227922 "https://prestashop.sharedstore.ma/6-accessories?q=Availability-In+stock%2FComposition-Recycled+cardboard%2FBrand-Graphic+Corner-Studio+Design" "Mozilla/5.0 (Linux; Android 5.0) AppleWebKit/537.36 (KHTML, like Gecko) Mobile Safari/537.36 (compatible; Bytespider; https://zhanzhang.toutiao.com/)"
110.249.201.42 - - [30/Aug/2026:07:06:41 +0100] "GET /modules/blockreassurance/views/dist/front.js HTTP/1.1" 200 4185 "https://prestashop.sharedstore.ma/6-accessories?q=Availability-In+stock%2FComposition-Recycled+cardboard%2FBrand-Graphic+Corner-Studio+Design" "Mozilla/5.0 (Linux; Android 5.0) AppleWebKit/537.36 (KHTML, like Gecko) Mobile Safari/537.36 (compatible; Bytespider; https://zhanzhang.toutiao.com/)"
110.249.201.117 - - [30/Aug/2026:07:06:41 +0100] "GET /modules/cz_leftbanner/views/img/left-banner-1.jpg HTTP/1.1" 304 - "https://prestashop.sharedstore.ma/6-accessories?q=Availability-In+stock%2FComposition-Recycled+cardboard%2FBrand-Graphic+Corner-Studio+Design" "Mozilla/5.0 (Linux; Android 5.0) AppleWebKit/537.36 (KHTML, like Gecko) Mobile Safari/537.36 (compatible; Bytespider; https://zhanzhang.toutiao.com/)"
110.249.201.10 - - [30/Aug/2026:07:06:41 +0100] "GET /themes/Electshop/assets/img/codezeel/user.svg HTTP/1.1" 206 500 "https://prestashop.sharedstore.ma/themes/Electshop/assets/css/theme.css" "Mozilla/5.0 (Linux; Android 5.0) AppleWebKit/537.36 (KHTML, like Gecko) Mobile Safari/537.36 (compatible; Bytespider; https://zhanzhang.toutiao.com/)"
110.249.201.42 - - [30/Aug/2026:07:06:41 +0100] "GET /themes/Electshop/assets/img/codezeel/menu.svg HTTP/1.1" 206 500 "https://prestashop.sharedstore.ma/themes/Electshop/assets/css/theme.css" "Mozilla/5.0 (Linux; Android 5.0) AppleWebKit/537.36 (KHTML, like Gecko) Mobile Safari/537.36 (compatible; Bytespider; https://zhanzhang.toutiao.com/)"
110.249.201.10 - - [30/Aug/2026:07:06:41 +0100] "GET /themes/Electshop/assets/img/codezeel/search.svg HTTP/1.1" 206 500 "https://prestashop.sharedstore.ma/themes/Electshop/assets/css/theme.css" "Mozilla/5.0 (Linux; Android 5.0) AppleWebKit/537.36 (KHTML, like Gecko) Mobile Safari/537.36 (compatible; Bytespider; https://zhanzhang.toutiao.com/)"
110.249.201.42 - - [30/Aug/2026:07:06:41 +0100] "GET /modules/czproductsearch/views/img/category-menu.svg HTTP/1.1" 206 500 "https://prestashop.sharedstore.ma/modules/czproductsearch/views/css/czsearch.css" "Mozilla/5.0 (Linux; Android 5.0) AppleWebKit/537.36 (KHTML, like Gecko) Mobile Safari/537.36 (compatible; Bytespider; https://zhanzhang.toutiao.com/)"
110.249.201.146 - - [30/Aug/2026:07:06:41 +0100] "GET /themes/Electshop/assets/js/theme.js HTTP/1.1" 200 177935 "https://prestashop.sharedstore.ma/6-accessories?q=Availability-In+stock%2FComposition-Recycled+cardboard%2FBrand-Graphic+Corner-Studio+Design" "Mozilla/5.0 (Linux; Android 5.0) AppleWebKit/537.36 (KHTML, like Gecko) Mobile Safari/537.36 (compatible; Bytespider; https://zhanzhang.toutiao.com/)"
110.249.201.10 - - [30/Aug/2026:07:06:41 +0100] "GET /modules/productquotation/views/img/basket.png HTTP/1.1" 206 497 "https://prestashop.sharedstore.ma/modules/productquotation/views/css/productquote.css" "Mozilla/5.0 (Linux; Android 5.0) AppleWebKit/537.36 (KHTML, like Gecko) Mobile Safari/537.36 (compatible; Bytespider; https://zhanzhang.toutiao.com/)"
110.249.201.42 - - [30/Aug/2026:07:06:41 +0100] "GET /modules/productquotation/views/img/down.png HTTP/1.1" 206 500 "https://prestashop.sharedstore.ma/modules/productquotation/views/css/productquote.css" "Mozilla/5.0 (Linux; Android 5.0) AppleWebKit/537.36 (KHTML, like Gecko) Mobile Safari/537.36 (compatible; Bytespider; https://zhanzhang.toutiao.com/)"
110.249.201.176 - - [30/Aug/2026:07:06:41 +0100] "GET /themes/Electshop/assets/img/codezeel/top-link.svg HTTP/1.1" 206 500 "https://prestashop.sharedstore.ma/themes/Electshop/assets/css/theme.css" "Mozilla/5.0 (Linux; Android 5.0) AppleWebKit/537.36 (KHTML, like Gecko) Mobile Safari/537.36 (compatible; Bytespider; https://zhanzhang.toutiao.com/)"
110.249.201.10 - - [30/Aug/2026:07:06:41 +0100] "GET /img/logo.png HTTP/1.1" 206 500 "https://prestashop.sharedstore.ma/6-accessories?q=Availability-In+stock%2FComposition-Recycled+cardboard%2FBrand-Graphic+Corner-Studio+Design" "Mozilla/5.0 (Linux; Android 5.0) AppleWebKit/537.36 (KHTML, like Gecko) Mobile Safari/537.36 (compatible; Bytespider; https://zhanzhang.toutiao.com/)"
110.249.201.10 - - [30/Aug/2026:07:06:42 +0100] "GET /themes/Electshop/assets/img/codezeel/menu.svg HTTP/1.1" 304 - "https://prestashop.sharedstore.ma/themes/Electshop/assets/css/theme.css" "Mozilla/5.0 (Linux; Android 5.0) AppleWebKit/537.36 (KHTML, like Gecko) Mobile Safari/537.36 (compatible; Bytespider; https://zhanzhang.toutiao.com/)"
110.249.201.10 - - [30/Aug/2026:07:06:42 +0100] "GET /themes/Electshop/assets/img/codezeel/search.svg HTTP/1.1" 304 - "https://prestashop.sharedstore.ma/themes/Electshop/assets/css/theme.css" "Mozilla/5.0 (Linux; Android 5.0) AppleWebKit/537.36 (KHTML, like Gecko) Mobile Safari/537.36 (compatible; Bytespider; https://zhanzhang.toutiao.com/)"
110.249.201.135 - - [30/Aug/2026:07:06:41 +0100] "GET /themes/core.js HTTP/1.1" 200 143666 "https://prestashop.sharedstore.ma/6-accessories?q=Availability-In+stock%2FComposition-Recycled+cardboard%2FBrand-Graphic+Corner-Studio+Design" "Mozilla/5.0 (Linux; Android 5.0) AppleWebKit/537.36 (KHTML, like Gecko) Mobile Safari/537.36 (compatible; Bytespider; https://zhanzhang.toutiao.com/)"
110.249.201.176 - - [30/Aug/2026:07:06:42 +0100] "GET /themes/Electshop/assets/img/codezeel/user.svg HTTP/1.1" 304 - "https://prestashop.sharedstore.ma/themes/Electshop/assets/css/theme.css" "Mozilla/5.0 (Linux; Android 5.0) AppleWebKit/537.36 (KHTML, like Gecko) Mobile Safari/537.36 (compatible; Bytespider; https://zhanzhang.toutiao.com/)"
110.249.201.146 - - [30/Aug/2026:07:06:42 +0100] "GET /modules/czproductsearch/views/img/category-menu.svg HTTP/1.1" 304 - "https://prestashop.sharedstore.ma/modules/czproductsearch/views/css/czsearch.css" "Mozilla/5.0 (Linux; Android 5.0) AppleWebKit/537.36 (KHTML, like Gecko) Mobile Safari/537.36 (compatible; Bytespider; https://zhanzhang.toutiao.com/)"
110.249.201.10 - - [30/Aug/2026:07:06:42 +0100] "GET /modules/cz_leftbanner/views/img/left-banner-1.jpg HTTP/1.1" 206 22888 "https://prestashop.sharedstore.ma/6-accessories?q=Availability-In+stock%2FComposition-Recycled+cardboard%2FBrand-Graphic+Corner-Studio+Design" "Mozilla/5.0 (Linux; Android 5.0) AppleWebKit/537.36 (KHTML, like Gecko) Mobile Safari/537.36 (compatible; Bytespider; https://zhanzhang.toutiao.com/)"
110.249.201.176 - - [30/Aug/2026:07:06:42 +0100] "GET /themes/Electshop/assets/img/codezeel/top-link.svg HTTP/1.1" 304 - "https://prestashop.sharedstore.ma/themes/Electshop/assets/css/theme.css" "Mozilla/5.0 (Linux; Android 5.0) AppleWebKit/537.36 (KHTML, like Gecko) Mobile Safari/537.36 (compatible; Bytespider; https://zhanzhang.toutiao.com/)"
110.249.201.146 - - [30/Aug/2026:07:06:42 +0100] "GET /themes/Electshop/assets/img/codezeel/menu.svg HTTP/1.1" 206 469 "https://prestashop.sharedstore.ma/themes/Electshop/assets/css/theme.css" "Mozilla/5.0 (Linux; Android 5.0) AppleWebKit/537.36 (KHTML, like Gecko) Mobile Safari/537.36 (compatible; Bytespider; https://zhanzhang.toutiao.com/)"
110.249.201.176 - - [30/Aug/2026:07:06:42 +0100] "GET /themes/Electshop/assets/img/codezeel/user.svg HTTP/1.1" 206 1478 "https://prestashop.sharedstore.ma/themes/Electshop/assets/css/theme.css" "Mozilla/5.0 (Linux; Android 5.0) AppleWebKit/537.36 (KHTML, like Gecko) Mobile Safari/537.36 (compatible; Bytespider; https://zhanzhang.toutiao.com/)"
110.249.201.146 - - [30/Aug/2026:07:06:42 +0100] "GET /modules/czproductsearch/views/img/category-menu.svg HTTP/1.1" 206 691 "https://prestashop.sharedstore.ma/modules/czproductsearch/views/css/czsearch.css" "Mozilla/5.0 (Linux; Android 5.0) AppleWebKit/537.36 (KHTML, like Gecko) Mobile Safari/537.36 (compatible; Bytespider; https://zhanzhang.toutiao.com/)"
110.249.201.10 - - [30/Aug/2026:07:06:42 +0100] "GET /themes/Electshop/assets/img/codezeel/search.svg HTTP/1.1" 206 1301 "https://prestashop.sharedstore.ma/themes/Electshop/assets/css/theme.css" "Mozilla/5.0 (Linux; Android 5.0) AppleWebKit/537.36 (KHTML, like Gecko) Mobile Safari/537.36 (compatible; Bytespider; https://zhanzhang.toutiao.com/)"
110.249.201.42 - - [30/Aug/2026:07:06:42 +0100] "GET /c/8-small_default/home-accessories.jpg HTTP/1.1" 404 61146 "https://prestashop.sharedstore.ma/6-accessories?q=Availability-In+stock%2FComposition-Recycled+cardboard%2FBrand-Graphic+Corner-Studio+Design" "Mozilla/5.0 (Linux; Android 5.0) AppleWebKit/537.36 (KHTML, like Gecko) Mobile Safari/537.36 (compatible; Bytespider; https://zhanzhang.toutiao.com/)"
110.249.201.176 - - [30/Aug/2026:07:06:42 +0100] "GET /themes/Electshop/assets/img/codezeel/top-link.svg HTTP/1.1" 206 586 "https://prestashop.sharedstore.ma/themes/Electshop/assets/css/theme.css" "Mozilla/5.0 (Linux; Android 5.0) AppleWebKit/537.36 (KHTML, like Gecko) Mobile Safari/537.36 (compatible; Bytespider; https://zhanzhang.toutiao.com/)"
110.249.201.117 - - [30/Aug/2026:07:06:42 +0100] "GET /c/7-small_default/stationery.jpg HTTP/1.1" 404 61122 "https://prestashop.sharedstore.ma/6-accessories?q=Availability-In+stock%2FComposition-Recycled+cardboard%2FBrand-Graphic+Corner-Studio+Design" "Mozilla/5.0 (Linux; Android 5.0) AppleWebKit/537.36 (KHTML, like Gecko) Mobile Safari/537.36 (compatible; Bytespider; https://zhanzhang.toutiao.com/)"
110.249.201.176 - - [30/Aug/2026:07:06:43 +0100] "GET /modules/ps_emailsubscription/views/js/ps_emailsubscription.js HTTP/1.1" 200 1997 "https://prestashop.sharedstore.ma/6-accessories?q=Availability-In+stock%2FComposition-Recycled+cardboard%2FBrand-Graphic+Corner-Studio+Design" "Mozilla/5.0 (Linux; Android 5.0) AppleWebKit/537.36 (KHTML, like Gecko) Mobile Safari/537.36 (compatible; Bytespider; https://zhanzhang.toutiao.com/)"
110.249.201.42 - - [30/Aug/2026:07:06:43 +0100] "GET /modules/ps_emailalerts/js/mailalerts.js HTTP/1.1" 200 3411 "https://prestashop.sharedstore.ma/6-accessories?q=Availability-In+stock%2FComposition-Recycled+cardboard%2FBrand-Graphic+Corner-Studio+Design" "Mozilla/5.0 (Linux; Android 5.0) AppleWebKit/537.36 (KHTML, like Gecko) Mobile Safari/537.36 (compatible; Bytespider; https://zhanzhang.toutiao.com/)"
110.249.201.176 - - [30/Aug/2026:07:06:43 +0100] "GET /modules/cz_instagramfeeds/views/js/cz_instagramfeed.js HTTP/1.1" 200 1618 "https://prestashop.sharedstore.ma/6-accessories?q=Availability-In+stock%2FComposition-Recycled+cardboard%2FBrand-Graphic+Corner-Studio+Design" "Mozilla/5.0 (Linux; Android 5.0) AppleWebKit/537.36 (KHTML, like Gecko) Mobile Safari/537.36 (compatible; Bytespider; https://zhanzhang.toutiao.com/)"
110.249.201.42 - - [30/Aug/2026:07:06:43 +0100] "GET /modules/productcomments/views/js/jquery.rating.plugin.js HTTP/1.1" 200 5873 "https://prestashop.sharedstore.ma/6-accessories?q=Availability-In+stock%2FComposition-Recycled+cardboard%2FBrand-Graphic+Corner-Studio+Design" "Mozilla/5.0 (Linux; Android 5.0) AppleWebKit/537.36 (KHTML, like Gecko) Mobile Safari/537.36 (compatible; Bytespider; https://zhanzhang.toutiao.com/)"
110.249.201.10 - - [30/Aug/2026:07:06:43 +0100] "GET /modules/productcomments/views/js/productListingComments.js HTTP/1.1" 200 4863 "https://prestashop.sharedstore.ma/6-accessories?q=Availability-In+stock%2FComposition-Recycled+cardboard%2FBrand-Graphic+Corner-Studio+Design" "Mozilla/5.0 (Linux; Android 5.0) AppleWebKit/537.36 (KHTML, like Gecko) Mobile Safari/537.36 (compatible; Bytespider; https://zhanzhang.toutiao.com/)"
110.249.201.146 - - [30/Aug/2026:07:06:43 +0100] "GET /modules/productquotation/views/js/productquote-17.js HTTP/1.1" 200 8341 "https://prestashop.sharedstore.ma/6-accessories?q=Availability-In+stock%2FComposition-Recycled+cardboard%2FBrand-Graphic+Corner-Studio+Design" "Mozilla/5.0 (Linux; Android 5.0) AppleWebKit/537.36 (KHTML, like Gecko) Mobile Safari/537.36 (compatible; Bytespider; https://zhanzhang.toutiao.com/)"
110.249.201.176 - - [30/Aug/2026:07:06:43 +0100] "GET /modules/productquotation/views/js/popupscript.js HTTP/1.1" 200 2557 "https://prestashop.sharedstore.ma/6-accessories?q=Availability-In+stock%2FComposition-Recycled+cardboard%2FBrand-Graphic+Corner-Studio+Design" "Mozilla/5.0 (Linux; Android 5.0) AppleWebKit/537.36 (KHTML, like Gecko) Mobile Safari/537.36 (compatible; Bytespider; https://zhanzhang.toutiao.com/)"
110.249.201.42 - - [30/Aug/2026:07:06:43 +0100] "GET /modules/ps_facetedsearch/views/dist/front.js HTTP/1.1" 200 22213 "https://prestashop.sharedstore.ma/6-accessories?q=Availability-In+stock%2FComposition-Recycled+cardboard%2FBrand-Graphic+Corner-Studio+Design" "Mozilla/5.0 (Linux; Android 5.0) AppleWebKit/537.36 (KHTML, like Gecko) Mobile Safari/537.36 (compatible; Bytespider; https://zhanzhang.toutiao.com/)"
110.249.201.135 - - [30/Aug/2026:07:06:43 +0100] "GET /modules/productquotation/views/js/front.js HTTP/1.1" 200 9033 "https://prestashop.sharedstore.ma/6-accessories?q=Availability-In+stock%2FComposition-Recycled+cardboard%2FBrand-Graphic+Corner-Studio+Design" "Mozilla/5.0 (Linux; Android 5.0) AppleWebKit/537.36 (KHTML, like Gecko) Mobile Safari/537.36 (compatible; Bytespider; https://zhanzhang.toutiao.com/)"
110.249.201.10 - - [30/Aug/2026:07:06:44 +0100] "GET /modules/czproductsearch/views/js/jquery.autocomplete_productsearch.js HTTP/1.1" 200 20531 "https://prestashop.sharedstore.ma/6-accessories?q=Availability-In+stock%2FComposition-Recycled+cardboard%2FBrand-Graphic+Corner-Studio+Design" "Mozilla/5.0 (Linux; Android 5.0) AppleWebKit/537.36 (KHTML, like Gecko) Mobile Safari/537.36 (compatible; Bytespider; https://zhanzhang.toutiao.com/)"
110.249.201.146 - - [30/Aug/2026:07:06:44 +0100] "GET /modules/cz_themeoptions/views/js/frontdesign.js HTTP/1.1" 200 759 "https://prestashop.sharedstore.ma/6-accessories?q=Availability-In+stock%2FComposition-Recycled+cardboard%2FBrand-Graphic+Corner-Studio+Design" "Mozilla/5.0 (Linux; Android 5.0) AppleWebKit/537.36 (KHTML, like Gecko) Mobile Safari/537.36 (compatible; Bytespider; https://zhanzhang.toutiao.com/)"
110.249.201.176 - - [30/Aug/2026:07:06:44 +0100] "GET /modules/cz_imageslider/views/js/jquery.flexslider-min.js HTTP/1.1" 200 22334 "https://prestashop.sharedstore.ma/6-accessories?q=Availability-In+stock%2FComposition-Recycled+cardboard%2FBrand-Graphic+Corner-Studio+Design" "Mozilla/5.0 (Linux; Android 5.0) AppleWebKit/537.36 (KHTML, like Gecko) Mobile Safari/537.36 (compatible; Bytespider; https://zhanzhang.toutiao.com/)"
110.249.201.135 - - [30/Aug/2026:07:06:44 +0100] "GET /modules/ps_searchbar/ps_searchbar.js HTTP/1.1" 200 2115 "https://prestashop.sharedstore.ma/6-accessories?q=Availability-In+stock%2FComposition-Recycled+cardboard%2FBrand-Graphic+Corner-Studio+Design" "Mozilla/5.0 (Linux; Android 5.0) AppleWebKit/537.36 (KHTML, like Gecko) Mobile Safari/537.36 (compatible; Bytespider; https://zhanzhang.toutiao.com/)"
110.249.201.10 - - [30/Aug/2026:07:06:44 +0100] "GET /modules/czproductsearch/views/js/czsearch.js HTTP/1.1" 200 3037 "https://prestashop.sharedstore.ma/6-accessories?q=Availability-In+stock%2FComposition-Recycled+cardboard%2FBrand-Graphic+Corner-Studio+Design" "Mozilla/5.0 (Linux; Android 5.0) AppleWebKit/537.36 (KHTML, like Gecko) Mobile Safari/537.36 (compatible; Bytespider; https://zhanzhang.toutiao.com/)"
110.249.201.146 - - [30/Aug/2026:07:06:44 +0100] "GET /themes/Electshop/assets/js/owl.carousel.js HTTP/1.1" 200 52798 "https://prestashop.sharedstore.ma/6-accessories?q=Availability-In+stock%2FComposition-Recycled+cardboard%2FBrand-Graphic+Corner-Studio+Design" "Mozilla/5.0 (Linux; Android 5.0) AppleWebKit/537.36 (KHTML, like Gecko) Mobile Safari/537.36 (compatible; Bytespider; https://zhanzhang.toutiao.com/)"
110.249.201.42 - - [30/Aug/2026:07:06:44 +0100] "GET /themes/Electshop/assets/js/totalstorage.js HTTP/1.1" 200 1994 "https://prestashop.sharedstore.ma/6-accessories?q=Availability-In+stock%2FComposition-Recycled+cardboard%2FBrand-Graphic+Corner-Studio+Design" "Mozilla/5.0 (Linux; Android 5.0) AppleWebKit/537.36 (KHTML, like Gecko) Mobile Safari/537.36 (compatible; Bytespider; https://zhanzhang.toutiao.com/)"
110.249.201.135 - - [30/Aug/2026:07:06:44 +0100] "GET /themes/Electshop/assets/js/lazysizes.min.js HTTP/1.1" 200 7235 "https://prestashop.sharedstore.ma/6-accessories?q=Availability-In+stock%2FComposition-Recycled+cardboard%2FBrand-Graphic+Corner-Studio+Design" "Mozilla/5.0 (Linux; Android 5.0) AppleWebKit/537.36 (KHTML, like Gecko) Mobile Safari/537.36 (compatible; Bytespider; https://zhanzhang.toutiao.com/)"
110.249.201.10 - - [30/Aug/2026:07:06:44 +0100] "GET /themes/Electshop/assets/js/lightbox.js HTTP/1.1" 200 18250 "https://prestashop.sharedstore.ma/6-accessories?q=Availability-In+stock%2FComposition-Recycled+cardboard%2FBrand-Graphic+Corner-Studio+Design" "Mozilla/5.0 (Linux; Android 5.0) AppleWebKit/537.36 (KHTML, like Gecko) Mobile Safari/537.36 (compatible; Bytespider; https://zhanzhang.toutiao.com/)"
110.249.201.176 - - [30/Aug/2026:07:06:44 +0100] "GET /themes/Electshop/assets/js/custom.js HTTP/1.1" 200 21043 "https://prestashop.sharedstore.ma/6-accessories?q=Availability-In+stock%2FComposition-Recycled+cardboard%2FBrand-Graphic+Corner-Studio+Design" "Mozilla/5.0 (Linux; Android 5.0) AppleWebKit/537.36 (KHTML, like Gecko) Mobile Safari/537.36 (compatible; Bytespider; https://zhanzhang.toutiao.com/)"
110.249.201.42 - - [30/Aug/2026:07:06:44 +0100] "GET /themes/Electshop/assets/img/codezeel/quick-view.svg HTTP/1.1" 206 500 "https://prestashop.sharedstore.ma/themes/Electshop/assets/css/theme.css" "Mozilla/5.0 (Linux; Android 5.0) AppleWebKit/537.36 (KHTML, like Gecko) Mobile Safari/537.36 (compatible; Bytespider; https://zhanzhang.toutiao.com/)"
110.249.201.176 - - [30/Aug/2026:07:06:44 +0100] "GET /themes/Electshop/assets/img/codezeel/image_loading.svg HTTP/1.1" 206 500 "https://prestashop.sharedstore.ma/6-accessories?q=Availability-In+stock%2FComposition-Recycled+cardboard%2FBrand-Graphic+Corner-Studio+Design" "Mozilla/5.0 (Linux; Android 5.0) AppleWebKit/537.36 (KHTML, like Gecko) Mobile Safari/537.36 (compatible; Bytespider; https://zhanzhang.toutiao.com/)"
110.249.201.117 - - [30/Aug/2026:07:06:44 +0100] "GET /themes/Electshop/assets/img/codezeel/quick-view.svg HTTP/1.1" 304 - "https://prestashop.sharedstore.ma/themes/Electshop/assets/css/theme.css" "Mozilla/5.0 (Linux; Android 5.0) AppleWebKit/537.36 (KHTML, like Gecko) Mobile Safari/537.36 (compatible; Bytespider; https://zhanzhang.toutiao.com/)"
110.249.201.176 - - [30/Aug/2026:07:06:44 +0100] "GET /themes/Electshop/assets/img/codezeel/image_loading.svg HTTP/1.1" 304 - "https://prestashop.sharedstore.ma/6-accessories?q=Availability-In+stock%2FComposition-Recycled+cardboard%2FBrand-Graphic+Corner-Studio+Design" "Mozilla/5.0 (Linux; Android 5.0) AppleWebKit/537.36 (KHTML, like Gecko) Mobile Safari/537.36 (compatible; Bytespider; https://zhanzhang.toutiao.com/)"
110.249.201.42 - - [30/Aug/2026:07:06:44 +0100] "GET /themes/Electshop/assets/img/codezeel/newsletter-btn.svg HTTP/1.1" 206 455 "https://prestashop.sharedstore.ma/themes/Electshop/assets/css/theme.css" "Mozilla/5.0 (Linux; Android 5.0) AppleWebKit/537.36 (KHTML, like Gecko) Mobile Safari/537.36 (compatible; Bytespider; https://zhanzhang.toutiao.com/)"
110.249.201.117 - - [30/Aug/2026:07:06:44 +0100] "GET /themes/Electshop/assets/img/codezeel/quick-view.svg HTTP/1.1" 206 884 "https://prestashop.sharedstore.ma/themes/Electshop/assets/css/theme.css" "Mozilla/5.0 (Linux; Android 5.0) AppleWebKit/537.36 (KHTML, like Gecko) Mobile Safari/537.36 (compatible; Bytespider; https://zhanzhang.toutiao.com/)"
110.249.201.176 - - [30/Aug/2026:07:06:44 +0100] "GET /themes/Electshop/assets/img/codezeel/image_loading.svg HTTP/1.1" 206 460 "https://prestashop.sharedstore.ma/6-accessories?q=Availability-In+stock%2FComposition-Recycled+cardboard%2FBrand-Graphic+Corner-Studio+Design" "Mozilla/5.0 (Linux; Android 5.0) AppleWebKit/537.36 (KHTML, like Gecko) Mobile Safari/537.36 (compatible; Bytespider; https://zhanzhang.toutiao.com/)"
110.249.201.146 - - [30/Aug/2026:07:06:44 +0100] "GET /module/productcomments/CommentGrade?id_products%5B%5D=16&id_products%5B%5D=17&id_products%5B%5D=18 HTTP/1.1" 200 188 "https://prestashop.sharedstore.ma/6-accessories?q=Availability-In+stock%2FComposition-Recycled+cardboard%2FBrand-Graphic+Corner-Studio+Design" "Mozilla/5.0 (Linux; Android 5.0) AppleWebKit/537.36 (KHTML, like Gecko) Mobile Safari/537.36 (compatible; Bytespider; https://zhanzhang.toutiao.com/)"
110.249.201.117 - - [30/Aug/2026:07:06:45 +0100] "GET /20-home_default/hummingbird-notebook.jpg HTTP/1.1" 404 61155 "https://prestashop.sharedstore.ma/6-accessories?q=Availability-In+stock%2FComposition-Recycled+cardboard%2FBrand-Graphic+Corner-Studio+Design" "Mozilla/5.0 (Linux; Android 5.0) AppleWebKit/537.36 (KHTML, like Gecko) Mobile Safari/537.36 (compatible; Bytespider; https://zhanzhang.toutiao.com/)"
110.249.201.176 - - [30/Aug/2026:07:06:45 +0100] "GET /19-home_default/brown-bear-notebook.jpg HTTP/1.1" 404 61151 "https://prestashop.sharedstore.ma/6-accessories?q=Availability-In+stock%2FComposition-Recycled+cardboard%2FBrand-Graphic+Corner-Studio+Design" "Mozilla/5.0 (Linux; Android 5.0) AppleWebKit/537.36 (KHTML, like Gecko) Mobile Safari/537.36 (compatible; Bytespider; https://zhanzhang.toutiao.com/)"
110.249.201.42 - - [30/Aug/2026:07:06:45 +0100] "GET /18-home_default/mountain-fox-notebook.jpg HTTP/1.1" 404 61157 "https://prestashop.sharedstore.ma/6-accessories?q=Availability-In+stock%2FComposition-Recycled+cardboard%2FBrand-Graphic+Corner-Studio+Design" "Mozilla/5.0 (Linux; Android 5.0) AppleWebKit/537.36 (KHTML, like Gecko) Mobile Safari/537.36 (compatible; Bytespider; https://zhanzhang.toutiao.com/)"
57.141.0.17 - - [30/Aug/2026:07:08:00 +0100] "GET /home-accessories/9-23-mountain-fox-cushion.html HTTP/1.1" 200 94493 "-" "Mozilla/5.0 (Macintosh; Intel Mac OS X 10_15_7) AppleWebKit/537.36 (KHTML, like Gecko) Chrome/145.0.0.0 Safari/537.36 (compatible; meta-externalagent/1.1 (+https://developers.facebook.com/docs/sharing/webmasters/crawler))"
57.141.0.18 - - [30/Aug/2026:07:08:02 +0100] "GET /modules/productquotation/views/js/productquote-17.js HTTP/1.1" 200 8341 "https://prestashop.sharedstore.ma/home-accessories/9-23-mountain-fox-cushion.html" "Mozilla/5.0 (Macintosh; Intel Mac OS X 10_15_7) AppleWebKit/537.36 (KHTML, like Gecko) Chrome/145.0.0.0 Safari/537.36 (compatible; meta-externalagent/1.1 (+https://developers.facebook.com/docs/sharing/webmasters/crawler))"
57.141.0.53 - - [30/Aug/2026:07:08:02 +0100] "GET /modules/productcomments/views/js/list-comments.js HTTP/1.1" 200 9128 "https://prestashop.sharedstore.ma/home-accessories/9-23-mountain-fox-cushion.html" "Mozilla/5.0 (Macintosh; Intel Mac OS X 10_15_7) AppleWebKit/537.36 (KHTML, like Gecko) Chrome/145.0.0.0 Safari/537.36 (compatible; meta-externalagent/1.1 (+https://developers.facebook.com/docs/sharing/webmasters/crawler))"
57.141.0.59 - - [30/Aug/2026:07:08:02 +0100] "GET /themes/Electshop/assets/js/lightbox.js HTTP/1.1" 200 18250 "https://prestashop.sharedstore.ma/home-accessories/9-23-mountain-fox-cushion.html" "Mozilla/5.0 (Macintosh; Intel Mac OS X 10_15_7) AppleWebKit/537.36 (KHTML, like Gecko) Chrome/145.0.0.0 Safari/537.36 (compatible; meta-externalagent/1.1 (+https://developers.facebook.com/docs/sharing/webmasters/crawler))"
57.141.0.5 - - [30/Aug/2026:07:08:02 +0100] "GET /themes/Electshop/assets/img/fonts/fontawesome-webfont.woff2?v=4.7.0 HTTP/1.1" 200 77160 "https://prestashop.sharedstore.ma/themes/Electshop/assets/css/font-awesome.css" "Mozilla/5.0 (Macintosh; Intel Mac OS X 10_15_7) AppleWebKit/537.36 (KHTML, like Gecko) Chrome/145.0.0.0 Safari/537.36 (compatible; meta-externalagent/1.1 (+https://developers.facebook.com/docs/sharing/webmasters/crawler))"
57.141.0.5 - - [30/Aug/2026:07:08:02 +0100] "GET /9-large_default/mountain-fox-cushion.jpg HTTP/1.1" 404 61155 "https://prestashop.sharedstore.ma/home-accessories/9-23-mountain-fox-cushion.html" "Mozilla/5.0 (Macintosh; Intel Mac OS X 10_15_7) AppleWebKit/537.36 (KHTML, like Gecko) Chrome/145.0.0.0 Safari/537.36 (compatible; meta-externalagent/1.1 (+https://developers.facebook.com/docs/sharing/webmasters/crawler))"
57.141.0.24 - - [30/Aug/2026:07:08:02 +0100] "GET /9-home_default/mountain-fox-cushion.jpg HTTP/1.1" 404 61151 "https://prestashop.sharedstore.ma/home-accessories/9-23-mountain-fox-cushion.html" "Mozilla/5.0 (Macintosh; Intel Mac OS X 10_15_7) AppleWebKit/537.36 (KHTML, like Gecko) Chrome/145.0.0.0 Safari/537.36 (compatible; meta-externalagent/1.1 (+https://developers.facebook.com/docs/sharing/webmasters/crawler))"
57.141.0.7 - - [30/Aug/2026:07:08:02 +0100] "POST /?fc=module&module=productquotation&controller=ajax&action=check_16&token=37e482bc536a8eff0f1d3c494b7466f3 HTTP/1.1" 200 - "https://prestashop.sharedstore.ma/home-accessories/9-23-mountain-fox-cushion.html" "Mozilla/5.0 (Macintosh; Intel Mac OS X 10_15_7) AppleWebKit/537.36 (KHTML, like Gecko) Chrome/145.0.0.0 Safari/537.36 (compatible; meta-externalagent/1.1 (+https://developers.facebook.com/docs/sharing/webmasters/crawler))"
57.141.0.68 - - [30/Aug/2026:07:08:12 +0100] "GET /themes/Electshop/assets/img/codezeel/top-icon.png HTTP/1.1" 404 61195 "https://prestashop.sharedstore.ma/home-accessories/9-23-mountain-fox-cushion.html" "Mozilla/5.0 (Macintosh; Intel Mac OS X 10_15_7) AppleWebKit/537.36 (KHTML, like Gecko) Chrome/145.0.0.0 Safari/537.36 (compatible; meta-externalagent/1.1 (+https://developers.facebook.com/docs/sharing/webmasters/crawler))"
57.141.0.51 - - [30/Aug/2026:07:08:12 +0100] "GET /visa.png HTTP/1.1" 404 61026 "https://prestashop.sharedstore.ma/home-accessories/9-23-mountain-fox-cushion.html" "Mozilla/5.0 (Macintosh; Intel Mac OS X 10_15_7) AppleWebKit/537.36 (KHTML, like Gecko) Chrome/145.0.0.0 Safari/537.36 (compatible; meta-externalagent/1.1 (+https://developers.facebook.com/docs/sharing/webmasters/crawler))"
57.141.0.51 - - [30/Aug/2026:07:08:12 +0100] "GET /paypal.png HTTP/1.1" 404 61028 "https://prestashop.sharedstore.ma/home-accessories/9-23-mountain-fox-cushion.html" "Mozilla/5.0 (Macintosh; Intel Mac OS X 10_15_7) AppleWebKit/537.36 (KHTML, like Gecko) Chrome/145.0.0.0 Safari/537.36 (compatible; meta-externalagent/1.1 (+https://developers.facebook.com/docs/sharing/webmasters/crawler))"
57.141.0.54 - - [30/Aug/2026:07:08:12 +0100] "GET /carte_bleue.png HTTP/1.1" 404 61050 "https://prestashop.sharedstore.ma/home-accessories/9-23-mountain-fox-cushion.html" "Mozilla/5.0 (Macintosh; Intel Mac OS X 10_15_7) AppleWebKit/537.36 (KHTML, like Gecko) Chrome/145.0.0.0 Safari/537.36 (compatible; meta-externalagent/1.1 (+https://developers.facebook.com/docs/sharing/webmasters/crawler))"
57.141.0.25 - - [30/Aug/2026:07:08:12 +0100] "GET /master_card.png HTTP/1.1" 404 61054 "https://prestashop.sharedstore.ma/home-accessories/9-23-mountain-fox-cushion.html" "Mozilla/5.0 (Macintosh; Intel Mac OS X 10_15_7) AppleWebKit/537.36 (KHTML, like Gecko) Chrome/145.0.0.0 Safari/537.36 (compatible; meta-externalagent/1.1 (+https://developers.facebook.com/docs/sharing/webmasters/crawler))"
57.141.0.30 - - [30/Aug/2026:07:08:12 +0100] "GET /9-home_default/mountain-fox-cushion.jpg HTTP/1.1" 404 61151 "https://prestashop.sharedstore.ma/home-accessories/9-23-mountain-fox-cushion.html" "Mozilla/5.0 (Macintosh; Intel Mac OS X 10_15_7) AppleWebKit/537.36 (KHTML, like Gecko) Chrome/145.0.0.0 Safari/537.36 (compatible; meta-externalagent/1.1 (+https://developers.facebook.com/docs/sharing/webmasters/crawler))"
57.141.0.58 - - [30/Aug/2026:07:08:12 +0100] "GET /9-large_default/mountain-fox-cushion.jpg HTTP/1.1" 404 61151 "https://prestashop.sharedstore.ma/home-accessories/9-23-mountain-fox-cushion.html" "Mozilla/5.0 (Macintosh; Intel Mac OS X 10_15_7) AppleWebKit/537.36 (KHTML, like Gecko) Chrome/145.0.0.0 Safari/537.36 (compatible; meta-externalagent/1.1 (+https://developers.facebook.com/docs/sharing/webmasters/crawler))"
57.141.0.42 - - [30/Aug/2026:07:08:12 +0100] "GET /american_express.png HTTP/1.1" 404 8192 "https://prestashop.sharedstore.ma/home-accessories/9-23-mountain-fox-cushion.html" "Mozilla/5.0 (Macintosh; Intel Mac OS X 10_15_7) AppleWebKit/537.36 (KHTML, like Gecko) Chrome/145.0.0.0 Safari/537.36 (compatible; meta-externalagent/1.1 (+https://developers.facebook.com/docs/sharing/webmasters/crawler))"
57.141.0.63 - - [30/Aug/2026:07:08:15 +0100] "GET /visa.png HTTP/1.1" 404 61024 "https://prestashop.sharedstore.ma/home-accessories/9-23-mountain-fox-cushion.html" "Mozilla/5.0 (Macintosh; Intel Mac OS X 10_15_7) AppleWebKit/537.36 (KHTML, like Gecko) Chrome/145.0.0.0 Safari/537.36 (compatible; meta-externalagent/1.1 (+https://developers.facebook.com/docs/sharing/webmasters/crawler))"
57.141.0.48 - - [30/Aug/2026:07:08:15 +0100] "GET /paypal.png HTTP/1.1" 404 61030 "https://prestashop.sharedstore.ma/home-accessories/9-23-mountain-fox-cushion.html" "Mozilla/5.0 (Macintosh; Intel Mac OS X 10_15_7) AppleWebKit/537.36 (KHTML, like Gecko) Chrome/145.0.0.0 Safari/537.36 (compatible; meta-externalagent/1.1 (+https://developers.facebook.com/docs/sharing/webmasters/crawler))"
57.141.0.33 - - [30/Aug/2026:07:08:18 +0100] "GET /carte_bleue.png HTTP/1.1" 404 61054 "https://prestashop.sharedstore.ma/home-accessories/9-23-mountain-fox-cushion.html" "Mozilla/5.0 (Macintosh; Intel Mac OS X 10_15_7) AppleWebKit/537.36 (KHTML, like Gecko) Chrome/145.0.0.0 Safari/537.36 (compatible; meta-externalagent/1.1 (+https://developers.facebook.com/docs/sharing/webmasters/crawler))"
57.141.0.5 - - [30/Aug/2026:07:08:19 +0100] "GET /master_card.png HTTP/1.1" 404 61054 "https://prestashop.sharedstore.ma/home-accessories/9-23-mountain-fox-cushion.html" "Mozilla/5.0 (Macintosh; Intel Mac OS X 10_15_7) AppleWebKit/537.36 (KHTML, like Gecko) Chrome/145.0.0.0 Safari/537.36 (compatible; meta-externalagent/1.1 (+https://developers.facebook.com/docs/sharing/webmasters/crawler))"
57.141.0.20 - - [30/Aug/2026:07:08:19 +0100] "GET /9-home_default/mountain-fox-cushion.jpg HTTP/1.1" 404 61151 "https://prestashop.sharedstore.ma/home-accessories/9-23-mountain-fox-cushion.html" "Mozilla/5.0 (Macintosh; Intel Mac OS X 10_15_7) AppleWebKit/537.36 (KHTML, like Gecko) Chrome/145.0.0.0 Safari/537.36 (compatible; meta-externalagent/1.1 (+https://developers.facebook.com/docs/sharing/webmasters/crawler))"
57.141.0.22 - - [30/Aug/2026:07:08:20 +0100] "GET /9-large_default/mountain-fox-cushion.jpg HTTP/1.1" 404 61155 "https://prestashop.sharedstore.ma/home-accessories/9-23-mountain-fox-cushion.html" "Mozilla/5.0 (Macintosh; Intel Mac OS X 10_15_7) AppleWebKit/537.36 (KHTML, like Gecko) Chrome/145.0.0.0 Safari/537.36 (compatible; meta-externalagent/1.1 (+https://developers.facebook.com/docs/sharing/webmasters/crawler))"
110.249.201.137 - - [30/Aug/2026:07:09:04 +0100] "GET /3-clothes?q=Size-S-L%2FCategories-Men HTTP/1.1" 200 87278 "-" "Mozilla/5.0 (Linux; Android 5.0) AppleWebKit/537.36 (KHTML, like Gecko) Mobile Safari/537.36 (compatible; Bytespider; https://zhanzhang.toutiao.com/)"
110.249.201.130 - - [30/Aug/2026:07:09:10 +0100] "GET /c/4-small_default/men.jpg HTTP/1.1" 404 61096 "https://prestashop.sharedstore.ma/3-clothes?q=Size-S-L%2FCategories-Men" "Mozilla/5.0 (Linux; Android 5.0) AppleWebKit/537.36 (KHTML, like Gecko) Mobile Safari/537.36 (compatible; Bytespider; https://zhanzhang.toutiao.com/)"
110.249.201.137 - - [30/Aug/2026:07:09:11 +0100] "GET /module/productcomments/CommentGrade?id_products%5B%5D=1 HTTP/1.1" 200 71 "https://prestashop.sharedstore.ma/3-clothes?q=Size-S-L%2FCategories-Men" "Mozilla/5.0 (Linux; Android 5.0) AppleWebKit/537.36 (KHTML, like Gecko) Mobile Safari/537.36 (compatible; Bytespider; https://zhanzhang.toutiao.com/)"
110.249.201.65 - - [30/Aug/2026:07:09:11 +0100] "GET /c/5-small_default/women.jpg HTTP/1.1" 404 61102 "https://prestashop.sharedstore.ma/3-clothes?q=Size-S-L%2FCategories-Men" "Mozilla/5.0 (Linux; Android 5.0) AppleWebKit/537.36 (KHTML, like Gecko) Mobile Safari/537.36 (compatible; Bytespider; https://zhanzhang.toutiao.com/)"
110.249.201.130 - - [30/Aug/2026:07:09:14 +0100] "GET /1-home_default/hummingbird-printed-t-shirt.jpg HTTP/1.1" 404 61179 "https://prestashop.sharedstore.ma/3-clothes?q=Size-S-L%2FCategories-Men" "Mozilla/5.0 (Linux; Android 5.0) AppleWebKit/537.36 (KHTML, like Gecko) Mobile Safari/537.36 (compatible; Bytespider; https://zhanzhang.toutiao.com/)"
110.249.201.2 - - [30/Aug/2026:07:09:14 +0100] "GET /2-home_default/hummingbird-printed-t-shirt.jpg HTTP/1.1" 404 61179 "https://prestashop.sharedstore.ma/3-clothes?q=Size-S-L%2FCategories-Men" "Mozilla/5.0 (Linux; Android 5.0) AppleWebKit/537.36 (KHTML, like Gecko) Mobile Safari/537.36 (compatible; Bytespider; https://zhanzhang.toutiao.com/)"
110.249.201.19 - - [30/Aug/2026:07:09:53 +0100] "GET / HTTP/1.1" 200 85429 "-" "Mozilla/5.0 (Linux; Android 5.0) AppleWebKit/537.36 (KHTML, like Gecko) Mobile Safari/537.36 (compatible; Bytespider; https://zhanzhang.toutiao.com/)"
110.249.201.19 - - [30/Aug/2026:07:09:55 +0100] "GET /modules/czcouponpop/views/css/czcouponpop.css HTTP/1.1" 200 5638 "https://prestashop.sharedstore.ma/" "Mozilla/5.0 (Linux; Android 5.0) AppleWebKit/537.36 (KHTML, like Gecko) Mobile Safari/537.36 (compatible; Bytespider; https://zhanzhang.toutiao.com/)"
110.249.201.19 - - [30/Aug/2026:07:09:55 +0100] "GET /img/cms/hisense_white_logo.png HTTP/1.1" 206 500 "https://prestashop.sharedstore.ma/" "Mozilla/5.0 (Linux; Android 5.0) AppleWebKit/537.36 (KHTML, like Gecko) Mobile Safari/537.36 (compatible; Bytespider; https://zhanzhang.toutiao.com/)"
110.249.201.178 - - [30/Aug/2026:07:09:55 +0100] "GET /img/cms/hisense_logo.png HTTP/1.1" 206 500 "https://prestashop.sharedstore.ma/" "Mozilla/5.0 (Linux; Android 5.0) AppleWebKit/537.36 (KHTML, like Gecko) Mobile Safari/537.36 (compatible; Bytespider; https://zhanzhang.toutiao.com/)"
110.249.201.70 - - [30/Aug/2026:07:09:56 +0100] "GET /img/cms/lenovo_logo.png HTTP/1.1" 206 500 "https://prestashop.sharedstore.ma/" "Mozilla/5.0 (Linux; Android 5.0) AppleWebKit/537.36 (KHTML, like Gecko) Mobile Safari/537.36 (compatible; Bytespider; https://zhanzhang.toutiao.com/)"
110.249.201.19 - - [30/Aug/2026:07:09:56 +0100] "GET /img/cms/sub-banner-2.jpg HTTP/1.1" 206 500 "https://prestashop.sharedstore.ma/" "Mozilla/5.0 (Linux; Android 5.0) AppleWebKit/537.36 (KHTML, like Gecko) Mobile Safari/537.36 (compatible; Bytespider; https://zhanzhang.toutiao.com/)"
110.249.201.165 - - [30/Aug/2026:07:09:56 +0100] "GET /img/cms/samsung_logo.png HTTP/1.1" 206 500 "https://prestashop.sharedstore.ma/" "Mozilla/5.0 (Linux; Android 5.0) AppleWebKit/537.36 (KHTML, like Gecko) Mobile Safari/537.36 (compatible; Bytespider; https://zhanzhang.toutiao.com/)"
110.249.201.178 - - [30/Aug/2026:07:09:56 +0100] "GET /img/cms/sub-banner-1.jpg HTTP/1.1" 206 500 "https://prestashop.sharedstore.ma/" "Mozilla/5.0 (Linux; Android 5.0) AppleWebKit/537.36 (KHTML, like Gecko) Mobile Safari/537.36 (compatible; Bytespider; https://zhanzhang.toutiao.com/)"
110.249.201.70 - - [30/Aug/2026:07:09:56 +0100] "GET /themes/Electshop/assets/img/codezeel/service-2.svg HTTP/1.1" 206 500 "https://prestashop.sharedstore.ma/themes/Electshop/assets/css/theme.css" "Mozilla/5.0 (Linux; Android 5.0) AppleWebKit/537.36 (KHTML, like Gecko) Mobile Safari/537.36 (compatible; Bytespider; https://zhanzhang.toutiao.com/)"
110.249.201.19 - - [30/Aug/2026:07:09:56 +0100] "GET /themes/Electshop/assets/img/codezeel/loading.gif HTTP/1.1" 206 500 "https://prestashop.sharedstore.ma/themes/Electshop/assets/css/custom.css" "Mozilla/5.0 (Linux; Android 5.0) AppleWebKit/537.36 (KHTML, like Gecko) Mobile Safari/537.36 (compatible; Bytespider; https://zhanzhang.toutiao.com/)"
110.249.201.165 - - [30/Aug/2026:07:09:56 +0100] "GET /themes/Electshop/assets/img/codezeel/service-1.svg HTTP/1.1" 206 500 "https://prestashop.sharedstore.ma/themes/Electshop/assets/css/theme.css" "Mozilla/5.0 (Linux; Android 5.0) AppleWebKit/537.36 (KHTML, like Gecko) Mobile Safari/537.36 (compatible; Bytespider; https://zhanzhang.toutiao.com/)"
110.249.201.176 - - [30/Aug/2026:07:09:56 +0100] "GET /img/cms/sub-banner-3.jpg HTTP/1.1" 206 500 "https://prestashop.sharedstore.ma/" "Mozilla/5.0 (Linux; Android 5.0) AppleWebKit/537.36 (KHTML, like Gecko) Mobile Safari/537.36 (compatible; Bytespider; https://zhanzhang.toutiao.com/)"
110.249.201.178 - - [30/Aug/2026:07:09:56 +0100] "GET /img/cms/sub-banner-2.jpg HTTP/1.1" 304 - "https://prestashop.sharedstore.ma/" "Mozilla/5.0 (Linux; Android 5.0) AppleWebKit/537.36 (KHTML, like Gecko) Mobile Safari/537.36 (compatible; Bytespider; https://zhanzhang.toutiao.com/)"
110.249.201.70 - - [30/Aug/2026:07:09:56 +0100] "GET /img/cms/sub-banner-1.jpg HTTP/1.1" 304 - "https://prestashop.sharedstore.ma/" "Mozilla/5.0 (Linux; Android 5.0) AppleWebKit/537.36 (KHTML, like Gecko) Mobile Safari/537.36 (compatible; Bytespider; https://zhanzhang.toutiao.com/)"
110.249.201.19 - - [30/Aug/2026:07:09:56 +0100] "GET /themes/Electshop/assets/img/codezeel/service-2.svg HTTP/1.1" 304 - "https://prestashop.sharedstore.ma/themes/Electshop/assets/css/theme.css" "Mozilla/5.0 (Linux; Android 5.0) AppleWebKit/537.36 (KHTML, like Gecko) Mobile Safari/537.36 (compatible; Bytespider; https://zhanzhang.toutiao.com/)"
110.249.201.165 - - [30/Aug/2026:07:09:56 +0100] "GET /themes/Electshop/assets/img/codezeel/service-1.svg HTTP/1.1" 304 - "https://prestashop.sharedstore.ma/themes/Electshop/assets/css/theme.css" "Mozilla/5.0 (Linux; Android 5.0) AppleWebKit/537.36 (KHTML, like Gecko) Mobile Safari/537.36 (compatible; Bytespider; https://zhanzhang.toutiao.com/)"
110.249.201.176 - - [30/Aug/2026:07:09:56 +0100] "GET /img/cms/sub-banner-3.jpg HTTP/1.1" 304 - "https://prestashop.sharedstore.ma/" "Mozilla/5.0 (Linux; Android 5.0) AppleWebKit/537.36 (KHTML, like Gecko) Mobile Safari/537.36 (compatible; Bytespider; https://zhanzhang.toutiao.com/)"
110.249.201.178 - - [30/Aug/2026:07:09:56 +0100] "GET /img/cms/sub-banner-2.jpg HTTP/1.1" 206 56860 "https://prestashop.sharedstore.ma/" "Mozilla/5.0 (Linux; Android 5.0) AppleWebKit/537.36 (KHTML, like Gecko) Mobile Safari/537.36 (compatible; Bytespider; https://zhanzhang.toutiao.com/)"
110.249.201.152 - - [30/Aug/2026:07:09:56 +0100] "GET /modules/czcouponpop/views/js/czcouponpop.js HTTP/1.1" 200 4516 "https://prestashop.sharedstore.ma/" "Mozilla/5.0 (Linux; Android 5.0) AppleWebKit/537.36 (KHTML, like Gecko) Mobile Safari/537.36 (compatible; Bytespider; https://zhanzhang.toutiao.com/)"
110.249.201.70 - - [30/Aug/2026:07:09:56 +0100] "GET /img/cms/sub-banner-1.jpg HTTP/1.1" 206 36068 "https://prestashop.sharedstore.ma/" "Mozilla/5.0 (Linux; Android 5.0) AppleWebKit/537.36 (KHTML, like Gecko) Mobile Safari/537.36 (compatible; Bytespider; https://zhanzhang.toutiao.com/)"
110.249.201.19 - - [30/Aug/2026:07:09:56 +0100] "GET /themes/Electshop/assets/img/codezeel/service-2.svg HTTP/1.1" 206 2419 "https://prestashop.sharedstore.ma/themes/Electshop/assets/css/theme.css" "Mozilla/5.0 (Linux; Android 5.0) AppleWebKit/537.36 (KHTML, like Gecko) Mobile Safari/537.36 (compatible; Bytespider; https://zhanzhang.toutiao.com/)"
110.249.201.165 - - [30/Aug/2026:07:09:56 +0100] "GET /themes/Electshop/assets/img/codezeel/service-1.svg HTTP/1.1" 206 523 "https://prestashop.sharedstore.ma/themes/Electshop/assets/css/theme.css" "Mozilla/5.0 (Linux; Android 5.0) AppleWebKit/537.36 (KHTML, like Gecko) Mobile Safari/537.36 (compatible; Bytespider; https://zhanzhang.toutiao.com/)"
110.249.201.176 - - [30/Aug/2026:07:09:56 +0100] "GET /img/cms/sub-banner-3.jpg HTTP/1.1" 206 51701 "https://prestashop.sharedstore.ma/" "Mozilla/5.0 (Linux; Android 5.0) AppleWebKit/537.36 (KHTML, like Gecko) Mobile Safari/537.36 (compatible; Bytespider; https://zhanzhang.toutiao.com/)"
110.249.201.19 - - [30/Aug/2026:07:09:56 +0100] "GET /img/cms/cms-banner-2.jpg HTTP/1.1" 206 500 "https://prestashop.sharedstore.ma/" "Mozilla/5.0 (Linux; Android 5.0) AppleWebKit/537.36 (KHTML, like Gecko) Mobile Safari/537.36 (compatible; Bytespider; https://zhanzhang.toutiao.com/)"
110.249.201.152 - - [30/Aug/2026:07:09:56 +0100] "GET /img/cms/cms-banner-1.jpg HTTP/1.1" 206 500 "https://prestashop.sharedstore.ma/" "Mozilla/5.0 (Linux; Android 5.0) AppleWebKit/537.36 (KHTML, like Gecko) Mobile Safari/537.36 (compatible; Bytespider; https://zhanzhang.toutiao.com/)"
110.249.201.165 - - [30/Aug/2026:07:09:57 +0100] "GET /img/m/2.jpg HTTP/1.1" 206 500 "https://prestashop.sharedstore.ma/" "Mozilla/5.0 (Linux; Android 5.0) AppleWebKit/537.36 (KHTML, like Gecko) Mobile Safari/537.36 (compatible; Bytespider; https://zhanzhang.toutiao.com/)"
110.249.201.152 - - [30/Aug/2026:07:09:57 +0100] "GET /img/m/1.jpg HTTP/1.1" 206 500 "https://prestashop.sharedstore.ma/" "Mozilla/5.0 (Linux; Android 5.0) AppleWebKit/537.36 (KHTML, like Gecko) Mobile Safari/537.36 (compatible; Bytespider; https://zhanzhang.toutiao.com/)"
110.249.201.165 - - [30/Aug/2026:07:09:57 +0100] "GET /img/cms/offer-banner.jpg HTTP/1.1" 206 500 "https://prestashop.sharedstore.ma/" "Mozilla/5.0 (Linux; Android 5.0) AppleWebKit/537.36 (KHTML, like Gecko) Mobile Safari/537.36 (compatible; Bytespider; https://zhanzhang.toutiao.com/)"
110.249.201.152 - - [30/Aug/2026:07:09:57 +0100] "GET /themes/Electshop/assets/img/codezeel/service-4.svg HTTP/1.1" 206 500 "https://prestashop.sharedstore.ma/themes/Electshop/assets/css/theme.css" "Mozilla/5.0 (Linux; Android 5.0) AppleWebKit/537.36 (KHTML, like Gecko) Mobile Safari/537.36 (compatible; Bytespider; https://zhanzhang.toutiao.com/)"
110.249.201.165 - - [30/Aug/2026:07:09:57 +0100] "GET /themes/Electshop/assets/img/codezeel/service-3.svg HTTP/1.1" 206 500 "https://prestashop.sharedstore.ma/themes/Electshop/assets/css/theme.css" "Mozilla/5.0 (Linux; Android 5.0) AppleWebKit/537.36 (KHTML, like Gecko) Mobile Safari/537.36 (compatible; Bytespider; https://zhanzhang.toutiao.com/)"
110.249.201.9 - - [30/Aug/2026:07:09:57 +0100] "GET /modules/czcouponpop/views/img/newsletter_banner.jpg HTTP/1.1" 206 500 "https://prestashop.sharedstore.ma/" "Mozilla/5.0 (Linux; Android 5.0) AppleWebKit/537.36 (KHTML, like Gecko) Mobile Safari/537.36 (compatible; Bytespider; https://zhanzhang.toutiao.com/)"
110.249.201.152 - - [30/Aug/2026:07:09:57 +0100] "GET /themes/Electshop/assets/img/codezeel/right-angle.svg HTTP/1.1" 206 500 "https://prestashop.sharedstore.ma/themes/Electshop/assets/css/custom.css" "Mozilla/5.0 (Linux; Android 5.0) AppleWebKit/537.36 (KHTML, like Gecko) Mobile Safari/537.36 (compatible; Bytespider; https://zhanzhang.toutiao.com/)"
110.249.201.165 - - [30/Aug/2026:07:09:57 +0100] "GET /themes/Electshop/assets/img/codezeel/offer-truck.svg HTTP/1.1" 206 500 "https://prestashop.sharedstore.ma/themes/Electshop/assets/css/theme.css" "Mozilla/5.0 (Linux; Android 5.0) AppleWebKit/537.36 (KHTML, like Gecko) Mobile Safari/537.36 (compatible; Bytespider; https://zhanzhang.toutiao.com/)"
110.249.201.140 - - [30/Aug/2026:07:09:57 +0100] "GET /themes/Electshop/assets/img/codezeel/left-angle.svg HTTP/1.1" 206 500 "https://prestashop.sharedstore.ma/themes/Electshop/assets/css/custom.css" "Mozilla/5.0 (Linux; Android 5.0) AppleWebKit/537.36 (KHTML, like Gecko) Mobile Safari/537.36 (compatible; Bytespider; https://zhanzhang.toutiao.com/)"
110.249.201.19 - - [30/Aug/2026:07:09:57 +0100] "GET /module/productcomments/CommentGrade?id_products%5B%5D=1&id_products%5B%5D=2 HTTP/1.1" 200 128 "https://prestashop.sharedstore.ma/" "Mozilla/5.0 (Linux; Android 5.0) AppleWebKit/537.36 (KHTML, like Gecko) Mobile Safari/537.36 (compatible; Bytespider; https://zhanzhang.toutiao.com/)"
110.249.201.152 - - [30/Aug/2026:07:09:57 +0100] "GET /img/cms/offer-banner.jpg HTTP/1.1" 304 - "https://prestashop.sharedstore.ma/" "Mozilla/5.0 (Linux; Android 5.0) AppleWebKit/537.36 (KHTML, like Gecko) Mobile Safari/537.36 (compatible; Bytespider; https://zhanzhang.toutiao.com/)"
110.249.201.165 - - [30/Aug/2026:07:09:57 +0100] "GET /img/cms/cms-banner-1.jpg HTTP/1.1" 304 - "https://prestashop.sharedstore.ma/" "Mozilla/5.0 (Linux; Android 5.0) AppleWebKit/537.36 (KHTML, like Gecko) Mobile Safari/537.36 (compatible; Bytespider; https://zhanzhang.toutiao.com/)"
110.249.201.132 - - [30/Aug/2026:07:09:57 +0100] "GET /img/cms/cms-banner-2.jpg HTTP/1.1" 304 - "https://prestashop.sharedstore.ma/" "Mozilla/5.0 (Linux; Android 5.0) AppleWebKit/537.36 (KHTML, like Gecko) Mobile Safari/537.36 (compatible; Bytespider; https://zhanzhang.toutiao.com/)"
110.249.201.140 - - [30/Aug/2026:07:09:57 +0100] "GET /themes/Electshop/assets/img/codezeel/service-3.svg HTTP/1.1" 304 - "https://prestashop.sharedstore.ma/themes/Electshop/assets/css/theme.css" "Mozilla/5.0 (Linux; Android 5.0) AppleWebKit/537.36 (KHTML, like Gecko) Mobile Safari/537.36 (compatible; Bytespider; https://zhanzhang.toutiao.com/)"
